 base 8, what is 26 + 10?
36
In base 15, what is a6 + -d?
98
In base 4, what is -20203 - 223?
-21032
In base 7, what is -1 + -1301?
-1302
In base 11, what is 8 - 168?
-160
In base 8, what is -2721 + -5?
-2726
In base 9, what is -4 - 22?
-26
In base 16, what is 1 + ec?
ed
In base 6, what is 5 + 3140?
3145
In base 5, what is 1431 - -4?
1440
In base 6, what is -5 + 14?
5
In base 4, what is -3 - -1232?
1223
In base 6, what is -5155 - 11?
-5210
In base 16, what is 88 - -e?
96
In base 3, what is -10 + -11022?
-11102
In base 6, what is 134115 + 1?
134120
In base 13, what is -1 - 78?
-79
In base 14, what is 65 - -1a?
81
In base 6, what is 1021 - 3?
1014
In base 6, what is 3130 + -2?
3124
In base 13, what is -4a + -46?
-93
In base 4, what is -330 + -32?
-1022
In base 13, what is 21 + -7?
17
In base 3, what is -202 + 121120?
120211
In base 3, what is 11110 + -12?
11021
In base 15, what is -8bc + 6?
-8b6
In base 8, what is -515 + 5?
-510
In base 11, what is 213 - 7?
207
In base 5, what is -1 + -11103?
-11104
In base 3, what is -2 - 100222002?
-100222011
In base 2, what is -101010110 + -1?
-101010111
In base 6, what is -2 - 100?
-102
In base 15, what is 0 - b7?
-b7
In base 3, what is -22211 + 1022?
-21112
In base 3, what is 10110 + -2?
10101
In base 14, what is 317 + 5?
31c
In base 12, what is 5 - 30?
-27
In base 13, what is -7 - 2c?
-36
In base 4, what is -11 - -100332?
100321
In base 9, what is 14 - 483?
-468
In base 2, what is -1001 + 1?
-1000
In base 13, what is -b65 + -9?
-b71
In base 7, what is 2112 + -2?
2110
In base 16, what is 34d + -2?
34b
In base 4, what is -12301 + -3?
-12310
In base 5, what is 21102 + 3?
21110
In base 6, what is -145 + 112?
-33
In base 13, what is 73 - -9?
7c
In base 13, what is -849 - 1?
-84a
In base 9, what is -721 - 5?
-726
In base 11, what is -3 + 4?
1
In base 3, what is -100 - -1010?
210
In base 3, what is 101101 - -100?
101201
In base 15, what is -d035 - 1?
-d036
In base 8, what is -3407 + -5?
-3414
In base 16, what is 5bd - -2?
5bf
In base 4, what is -10 - 2003?
-2013
In base 2, what is -110110110 - 0?
-110110110
In base 14, what is -20 - 15?
-35
In base 11, what is -5 + 84?
7a
In base 16, what is 8a0 - -1?
8a1
In base 2, what is 10101100010 + 1000?
10101101010
In base 12, what is -5 - 21?
-26
In base 12, what is -4 + -243?
-247
In base 16, what is -1 + -30?
-31
In base 7, what is 144 + 26?
203
In base 11, what is -2 + -410?
-412
In base 14, what is -5 - 33?
-38
In base 10, what is 0 + -60?
-60
In base 13, what is 190 - 1?
18c
In base 13, what is -725 + 0?
-725
In base 13, what is 57 + 1?
58
In base 12, what is 13a7 + 5?
13b0
In base 11, what is 1 - 65?
-64
In base 15, what is -84 - 1d?
-a2
In base 11, what is -13 + 18?
5
In base 12, what is -18 - 14?
-30
In base 15, what is -197 - -d?
-189
In base 7, what is 42 + 10?
52
In base 12, what is 3095 - -5?
309a
In base 9, what is 5 + -64?
-58
In base 13, what is -68 - 6?
-71
In base 4, what is 3220 + -2?
3212
In base 2, what is -1111 + 1010?
-101
In base 11, what is a63 + -15?
a49
In base 2, what is 1011100 - -110?
1100010
In base 9, what is 0 - 4262?
-4262
In base 6, what is 121121 - 3?
121114
In base 4, what is 132102 - -3?
132111
In base 3, what is -1 - -1120100?
1120022
In base 7, what is 2115 + -3?
2112
In base 4, what is -21032 - -10?
-21022
In base 12, what is -1 - 36?
-37
In base 5, what is 12014 - 0?
12014
In base 7, what is -112 + 0?
-112
In base 7, what is -2564 + -5?
-2602
In base 7, what is -4 + -2060?
-2064
In base 10, what is 3 + 171?
174
In base 6, what is -25 + 15?
-10
In base 5, what is 130 - 143?
-13
In base 7, what is 231 + -1?
230
In base 12, what is 15 + 3a?
53
In base 16, what is 12 + -7?
b
In base 7, what is -40 + -23?
-63
In base 12, what is 6a9 + 4?
6b1
In base 6, what is -503 + -22?
-525
In base 16, what is -abf + -4?
-ac3
In base 3, what is 1 - 211010?
-211002
In base 4, what is -311 - -3?
-302
In base 5, what is 0 - -2032?
2032
In base 10, what is 401 + 5?
406
In base 11, what is 8008 - -4?
8011
In base 5, what is -1031 - -24?
-1002
In base 9, what is 11 - 100?
-78
In base 5, what is 4 + -100?
-41
In base 4, what is 2 - 31?
-23
In base 9, what is 1011 - -5?
1016
In base 13, what is 2 + 9a9?
9ab
In base 3, what is -12022221 + 1?
-12022220
In base 4, what is -20 - -21?
1
In base 10, what is 275 - 11?
264
In base 13, what is -ba + -3?
-c0
In base 10, what is 10 - -310?
320
In base 11, what is -4 + 1656?
1652
In base 8, what is -57 - -213?
134
In base 6, what is 22 - -130?
152
In base 9, what is 477 - 3?
474
In base 6, what is 2152 - 20?
2132
In base 8, what is -5 + -403?
-410
In base 4, what is -13301 + 32?
-13203
In base 6, what is -20 + 14?
-2
In base 2, what is -11 + 1111001?
1110110
In base 11, what is -a + -3?
-12
In base 16, what is 0 - ee?
-ee
In base 5, what is -4201 + 4?
-4142
In base 6, what is 251 + 4?
255
In base 10, what is -390 - 0?
-390
In base 2, what is 11011 - 10111?
100
In base 12, what is -108 + b?
-b9
In base 9, what is -52 + 1?
-51
In base 7, what is -16 - -63?
44
In base 3, what is 10 - -100222?
101002
In base 9, what is -2540 - 3?
-2543
In base 5, what is -2 - 131?
-133
In base 5, what is -20 + 233?
213
In base 9, what is -28 + 10?
-18
In base 15, what is -6c + 1c?
-50
In base 9, what is 1822 - -4?
1826
In base 12, what is a - 148b?
-1481
In base 6, what is 20 + -2122?
-2102
In base 9, what is -1 + -844?
-845
In base 7, what is -3 + -124?
-130
In base 2, what is -1000001 + -101?
-1000110
In base 12, what is -25a + -1?
-25b
In base 3, what is -20221 - 10?
-21001
In base 12, what is -1 - 19?
-1a
In base 16, what is 39 + -4?
35
In base 4, what is 11 - -11001?
11012
In base 9, what is 4662 + 10?
4672
In base 5, what is 14 - -103?
122
In base 13, what is 11 - -25?
36
In base 16, what is -4 + -1778?
-177c
In base 7, what is 125 - -64?
222
In base 13, what is -1 + -7c?
-80
In base 14, what is -11 + -24?
-35
In base 13, what is a675 + -5?
a670
In base 4, what is 333320 - -1?
333321
In base 15, what is 1 - -55?
56
In base 15, what is -311 - 4?
-315
In base 8, what is -4 - 226?
-232
In base 9, what is 17 - 3?
14
In base 13, what is -92 - -5?
-8a
In base 11, what is -475 + -5?
-47a
In base 4, what is 1 - -101?
102
In base 13, what is -86 + -2?
-88
In base 4, what is 2 - -2131?
2133
In base 9, what is 4 - -654?
658
In base 14, what is 48 + -6?
42
In base 8, what is -2 + -415?
-417
In base 16, what is 1286 + -1?
1285
In base 14, what is 1167 - -5?
116c
In base 15, what is -62 + -22?
-84
In base 14, what is -5b + 1?
-5a
In base 15, what is -1 - 2a6?
-2a7
In base 16, what is 16ae - 5?
16a9
In base 12, what is -2 + 8a9?
8a7
In base 6, what is 3 - 2301?
-2254
In base 8, what is 1 - -63?
64
In base 2, what is 1010100010 + 100?
1010100110
In base 9, what is 14124 + 5?
14130
In base 14, what is -1 + 21?
20
In base 9, what is 326 + -4?
322
In base 7, what is 3 - -640?
643
In base 7, what is -1235 + 34?
-1201
In base 7, what is 31215 - 1?
31214
In base 6, what is 3 + -12?
-5
In base 12, what is -2b + -3?
-32
In base 4, what is 11 + -30?
-13
In base 14, what is -63 + 4?
-5d
In base 11, what is 62 - 1?
61
In base 6, what is 2 + -31?
-25
In base 4, what is 230 + 10?
300
In base 16, what is -90 - -f?
-81
In base 11, what is 49 - -24?
72
In base 4, what is -3 - 10021?
-10030
In base 14, what is -101 - 7?
-108
In base 4, what is 3 + -1223?
-1220
In base 9, what is -1007 - -38?
-858
In base 15, what is -13 + -59?
-6c
In base 16, what is 1 + -1?
0
In base 4, what is -12 + -1322?
-2000
In base 10, what is -1263 - 4?
-1267
In base 2, what is 11 + 1100011?
1100110
In base 15, what is 11b + 3?
11e
In base 11, what is 26 - -6?
31
In base 2, what is -111000100000 - -1?
-111000011111
In base 16, what is -254 + 3?
-251
In base 6, what is 13013 - 3?
13010
In base 2, what is 1110101011 - 11000?
1110010011
In base 12, what is -2 - -15b?
159
In base 9, what is 2184 - 1?
2183
In base 11, what is 10 + -371?
-361
In base 11, what is -3 + -16?
-19
In base 3, what is -10 - 11000?
-11010
In base 16, what is 4 + -64b?
-647
In base 5, what is -3400 - -1?
-3344
In base 6, what is 21 - -13?
34
In base 9, what is -2 + -50?
-52
In base 16, what is 11 + 226?
237
In base 14, what is 1316 - 7?
130d
In base 13, what is -2a2 - 0?
-2a2
In base 9, what is -2 - 524?
-526
In base 1